 47. Calculate d(-7).
12
Let m(s) = s**3 + 16*s**2 - 7*s - 115. Determine m(-16).
-3
Let k(d) = 223*d + 1300. Calculate k(-6).
-38
Let l(m) = -m**3 + 3*m**2 + 2*m - 5. Determine l(3).
1
Let r(g) = g**3 - 83*g**2 - 6*g + 11. Calculate r(0).
11
Let z(v) = -6*v**2 + 21*v - 82. Calculate z(5).
-127
Let d(u) = 841*u - 15950. Give d(19).
29
Let h(p) = 14*p + 157. Calculate h(-13).
-25
Let z(l) = -3*l**2 + 178*l + 516. Calculate z(-3).
-45
Let r(j) = 38*j - 4717. What is r(120)?
-157
Let y(q) = 2*q**2 + 62*q - 127. What is y(-32)?
-63
Let a(j) = -12*j - 480. Give a(-37).
-36
Let w(k) = k**2 + 7*k - 20. Give w(5).
40
Let h(w) = w**3 + 25*w**2 - 86*w - 63. Determine h(-28).
-7
Let h(l) = -4*l**2 - 810*l + 48102. Determine h(48).
6
Let q(i) = -i**3 - 33*i**2 + 375*i + 3804. What is q(-40)?
4
Let r(q) = q**3 - 2*q**2 - 17*q - 11. Give r(8).
237
Let h(a) = -3*a**2 + 273*a - 3041. Calculate h(13).
1
Let y(c) = 43*c**2 - c + 14. Determine y(-2).
188
Let d(g) = -71*g - 29. Give d(1).
-100
Let u(g) = g**3 + 108*g**2 - 108*g + 88. Give u(-109).
-21
Let h(t) = t**3 + 33*t**2 + 85*t + 6959. What is h(-36)?
11
Let a(g) = -g**2 + 44*g + 353. What is a(-7)?
-4
Let g(q) = -76188*q - 76187. What is g(-1)?
1
Let v(r) = -2*r**3 - 20*r**2 + 112*r + 44. Calculate v(-14).
44
Let r(f) = -359*f + 2158. Determine r(6).
4
Let w(p) = 10*p**3 + 111*p**2 + 110*p - 2. Give w(-1).
-11
Let d(p) = -1254*p - 56436. Give d(-45).
-6
Let l(d) = 2*d**2 + 1. Determine l(-3).
19
Let b(m) = -11298*m - 45188. What is b(-4)?
4
Let a(k) = 3*k**2 + 90*k - 808. What is a(8)?
104
Let u(l) = 3*l + 12. What is u(-11)?
-21
Let l(b) = -346*b + 1912. Calculate l(5).
182
Let k(a) = a**3 + 168*a**2 + 330*a - 274. What is k(-166)?
58
Let c(i) = -i**2 - 67*i + 2053. Calculate c(24).
-131
Let s(n) = -1298*n - 2616. Calculate s(-2).
-20
Let p(t) = 11*t**2 + 14*t + 15. Determine p(-2).
31
Let z(s) = -388*s + 1927. Determine z(5).
-13
Let q(r) = -73*r**2 - 675*r - 163. Determine q(-9).
-1
Let o(m) = -m**2 + 93*m + 1365. What is o(-13)?
-13
Let p(w) = w**2 - 30*w + 6. Determine p(4).
-98
Let f(x) = 13*x + 426. Determine f(-29).
49
Let r(t) = 127*t**2 + 121*t - 2. Determine r(-1).
4
Let d(t) = t**3 - 25*t**2 + 100*t - 19. Give d(20).
-19
Let a(o) = -o**2 - o - 39. Calculate a(0).
-39
Let j(o) = o**3 - 8*o**2 - 2*o + 40. Give j(8).
24
Let a(z) = -38*z + 29. What is a(1)?
-9
Let f(j) = -5*j + 356. Calculate f(38).
166
Let v(d) = -3*d**2 - 84*d - 575. What is v(-12)?
1
Let f(x) = x**2 - 194*x + 3632. What is f(173)?
-1
Let m(n) = 11*n - 2. Give m(-7).
-79
Let q(g) = g**3 - 34*g**2 + 195*g - 41. Give q(7).
1
Let k(m) = -m**3 - 6*m**2 + 12*m - 41. Determine k(6).
-401
Let s(j) = -14*j**2 - 54*j + 6. Determine s(-7).
-302
Let a(r) = 28*r**2 - 7*r + 6. Calculate a(1).
27
Let d(z) = -115*z + 15987. Give d(139).
2
Let k(c) = c**3 - 4*c**2 + 5*c + 6. Determine k(5).
56
Let z(s) = 7*s**2 + 244*s + 128. Give z(-31).
-709
Let g(u) = -34*u + 1737. Give g(51).
3
Let x(r) = -4*r**2 + 18*r + 163. Calculate x(9).
1
Let u(i) = -8*i**2 + 4*i + 2. Determine u(-1).
-10
Let m(k) = -1332*k - 17318. Give m(-13).
-2
Let b(f) = -20*f - 421. Determine b(-21).
-1
Let q(w) = -w**2 + 11*w + 27. Determine q(16).
-53
Let s(n) = -45*n - 703. What is s(-16)?
17
Let l(m) = -4*m**2 - 297*m + 3654. What is l(-85)?
-1
Let f(q) = 2*q**3 - 124*q**2 + 130*q - 483. Calculate f(61).
5
Let t(v) = -v**2 + 37*v - 156. Give t(26).
130
Let u(a) = 4*a**2 - 93*a - 427. Give u(-4).
9
Let y(c) = -373*c - 3135. Calculate y(-9).
222
Let t(o) = 16*o + 304. Determine t(-27).
-128
Let n(c) = -c**2 - 76*c + 2275. Determine n(23).
-2
Let m(c) = 2*c**2 - 57*c - 357. Give m(34).
17
Let a(r) = -r**2 + 147*r - 1853. Determine a(133).
9
Let m(r) = -3*r**2 + 27*r - 102. Calculate m(3).
-48
Let o(n) = 23*n**2 - 189*n - 189. What is o(-1)?
23
Let p(c) = c**3 - 12*c**2 - 21*c + 17. Give p(14).
115
Let h(q) = -78*q + 6459. What is h(83)?
-15
Let r(c) = -c**2 + 9*c + 392. Calculate r(-15).
32
Let z(s) = 287*s + 19822. Give z(-69).
19
Let h(r) = -55604*r - 333634. What is h(-6)?
-10
Let t(c) = -10*c**2 + 57*c + 24. Calculate t(7).
-67
Let t(d) = -d**3 - 7*d**2 + 5*d - 52. Determine t(-8).
-28
Let b(w) = -3*w**2 + 3*w + 43. Determine b(8).
-125
Let m(z) = -1037*z + 839. Give m(1).
-198
Let m(t) = -t**2 + 20*t + 285. Give m(31).
-56
Let o(f) = 579*f + 5205. Determine o(-9).
-6
Let x(y) = y**2 - 21*y + 4. Give x(-11).
356
Let y(w) = 40*w**2 - 389*w - 108. What is y(10)?
2
Let b(m) = -52*m - 1614. What is b(-31)?
-2
Let t(o) = 6*o**3 - 21*o + 17. Determine t(0).
17
Let d(q) = -q**3 + 54*q**2 - 380*q + 583. Give d(46).
31
Let z(v) = 5001*v - 5001. Give z(1).
0
Let x(h) = h**2 + 7*h + 5. Determine x(-6).
-1
Let i(o) = 385*o - 13082. Calculate i(34).
8
Let i(j) = 94*j + 256. Determine i(-3).
-26
Let j(q) = 66*q**2 + 30*q - 123. What is j(4)?
1053
Let f(x) = -75*x - 1156. Give f(-14).
-106
Let c(w) = 8*w**2 - 53*w - 154. Calculate c(9).
17
Let g(l) = l**3 + 5*l**2 - 133*l + 19. What is g(-14)?
117
Let u(p) = p**2 + 22*p - 29. What is u(-20)?
-69
Let s(i) = -577*i**2 - 4039*i + 2. Give s(-7).
2
Let q(y) = 18*y**2 - 65*y + 38. Calculate q(3).
5
Let g(x) = -x**2 + 25*x - 166. Calculate g(9).
-22
Let p(i) = 825*i - 4956. What is p(6)?
-6
Let u(i) = 4*i**2 + 22*i - 1458. Determine u(-22).
-6
Let x(t) = 59*t + 961. Determine x(-16).
17
Let f(n) = -n + 37. Give f(59).
-22
Let g(p) = -2*p**3 - 3*p**2 + 12*p + 20. What is g(-4)?
52
Let f(h) = 5*h**3 - 94*h**2 - 13*h - 105. Calculate f(19).
9
Let n(w) = -w - 98. Give n(-36).
-62
Let w(k) = -k**2 + 15*k - 52. Calculate w(5).
-2
Let r(m) = -49*m**2 + 124*m - 10. Calculate r(2).
42
Let h(i) = -23*i - 8. Give h(-4).
84
Let t(x) = 97*x + 923. Calculate t(0).
923
Let v(u) = -130*u + 368. Give v(3).
-22
Let v(c) = 5*c**2 - 46*c - 27. What is v(3)?
-120
Let i(x) = -9206*x - 9212. Determine i(-1).
-6
Let v(l) = -15*l**3 - l**2 + 16*l + 16. Give v(-1).
14
Let w(x) = 37*x**3 - 4995*x**2 + 4*x - 544. Determine w(135).
-4
Let h(v) = -v**3 - 4*v**2 + 10*v + 12. Calculate h(-5).
-13
Let t(c) = -3*c**2 - 29*c + 14. Give t(0).
14
Let h(u) = u**3 - 3*u**2 - 73*u - 7. Give h(8).
-271
Let h(f) = -f**3 - f**2 + 13*f + 116. Determine h(-6).
218
Let x(n) = n**3 - 3*n**2 - 18*n + 3. What is x(5)?
-37
Let g(c) = c**3 - 7*c**2 - 30*c - 311. Calculate g(12).
49
Let s(x) = -66*x + 825. Determine s(7).
363
Let x(r) = r**3 + 22*r**2 + 105*r + 21. Give x(-8).
77
Let k(i) = -i**3 + 12*i**2 - 35*i + 12. Determine k(7).
12
Let o(x) = -2*x**3 + 40*x**2 + 99*x - 227. Calculate o(22).
15
Let r(q) = 2*q**2 + 1060*q + 100691. What is r(-124)?
3
Let b(s) = -48*s - 874. What is b(-20)?
86
Let d(f) = -247*f + 743. Determine d(3).
2
Let p(l) = -275*l - 14029. Give p(-51).
-4
Let f(k) = 3*k**3 - 51*k**2 + 17*k - 282. Determine f(17).
7
Let d(s) = s**2 - 83*s + 1687. Determine d(35).
7
Let j(l) = 392*l**3 - 375*l**2 + 3*l - 2. Calculate j(1).
18
Let u(a) = a**2 - 6*a - 83. What is u(-4)?
-43
Let t(j) = -9*j**2 - 52*j - 589. What is t(-10)?
-969
Let v(y) = -y**2 - 108*y - 485. Determine v(-103).
30
Let v(o) = 6*o**2 + 308*o - 249. Give v(-52).
-41
Let f(k) = -k**2 - 106*k + 552. Determine f(5).
-3
Let v(g) = -g**2 - 612*g + 3708. What is v(6)?
0
Let t(y) = -y**2 - 15*y + 94. Calculate t(-17).
60
Let l(u) = -40*u - 3657. What is l(-95)?
143
Let d(i) = 55*i - 496. Give d(9).
-1
Let j(n) = -n**2 + 29*n - 74. What is j(25)?
26
Let a(x) = -173*x + 2947. What is a(17)?
6
Let o(z) = -2651*z + 12. Determine o(0).
12
Let t(y) = 124*y - 4214. Give t(34).
2
Let d(k) = 3*k - 646. What is d(-67)?
-847
Let y(z) = -11071*z + 77500. What is y(7)?
3
Let i(f) = f**2 + 103*f + 1488. What is i(-86)?
26
Let k(x) = 23*x + 373. Give k(-15).
28
Let a(w) = -3337*w - 13365. Calculate a(-4).
-17
Let f(u) = u**2 + 99*u + 2316. What is f(-61)?
-2
Let p(n) = 12*n**2 - 533*n - 2065. Give p(48).
-1
Let m(k) = k**3 + 21*k**2 + 22*k + 24. Give m(-20).
-16
Let r(n) = -5*n**2 - 506*n - 581. Determine r(-100).
19
Let g(a) = -2*a - 77. What is g(0)?
-77
Let k(d) = 2*d**2 + 91*d + 820. Determine k(-34).
38
Let w(g) = -5*g**2 + 3*g + 8. Determine w(-3).
-46
Let i(m) = -m**2 + 9*m - 72. What is i(6)?
-54
Let q(o) = 3*o**2 - 13*o + 4. What is q(3)?
-8
Let b(d) = -d**2 - 6*d + 254. Calculate b(-13).
163
Let f(p) = -980*p - 1964. Ca